{"id":569,"date":"2022-08-28T19:30:32","date_gmt":"2022-08-28T19:30:32","guid":{"rendered":"https:\/\/christian-papesch.de\/?page_id=569"},"modified":"2022-08-31T12:45:00","modified_gmt":"2022-08-31T12:45:00","slug":"der-walkman","status":"publish","type":"page","link":"https:\/\/christian-papesch.de\/?page_id=569&lang=de","title":{"rendered":"Der Wa!km@n"},"content":{"rendered":"\n<figure class=\"wp-block-pullquote\"><blockquote><p>Es gibt Momente, die sich in unser Ged\u00e4chtnis fressen wie Ohrw\u00fcrmer in unseren Lieblingssong. Bis von der bezaubernden Melodie nur ein dumpfes Leiern bleibt. Nathan w\u00fcrde nie vergessen, wie er den Walkman im Schaufenster entdeckte. Oder hatte der Walkman ihn entdeckt?<\/p><p>Der Walkman war magisch. Magisch genug, um Nathans Traurigkeit wegzuspulen, die Selbstzweifel zu \u00fcbert\u00f6nen und seine Welt Singen zu lassen. Doch sobald er den Walkman lauter drehte, wurde Nathan leiser. Und sein Ohrwurm hungriger.<\/p><cite>Christian Papesch: &#8222;Der Wa!km@n: Wenn L\u00fcgen laufen lernen&#8220;<\/cite><\/blockquote><\/figure>\n\n\n\n<h2 class=\"wp-block-heading\">Audio-Buch:<\/h2>\n\n\n\n<p><a href=\"https:\/\/christian-papesch.de\/?page_id=573&amp;lang=de\">Seite A: \u201eDer Wa!km@n\u201c<\/a><\/p>\n\n\n\n<p><a href=\"https:\/\/christian-papesch.de\/?page_id=581&amp;lang=de\">Seite B: \u201eWenn L\u00fcgen laufen lernen\u201c<\/a><\/p>\n\n\n\n<h2 class=\"wp-block-heading\">Story.One-Buch:<\/h2>\n\n\n\n<p>bald verf\u00fcgbar<\/p>\n\n\n\n<h2 class=\"wp-block-heading\">Stories:<\/h2>\n\n\n\n<p>bald verf\u00fcgbar<\/p>\n","protected":false},"excerpt":{"rendered":"<p>Es gibt Momente, die sich in unser Ged\u00e4chtnis fressen wie Ohrw\u00fcrmer in unseren Lieblingssong. Bis von der bezaubernden Melodie nur<\/p>\n<p><a href=\"https:\/\/christian-papesch.de\/?page_id=569&#038;lang=de\" class=\"more-link\">Continue reading<span class=\"screen-reader-text\">Der Wa!km@n<\/span><\/a><\/p>\n","protected":false},"author":1,"featured_media":0,"parent":0,"menu_order":0,"comment_status":"closed","ping_status":"closed","template":"","meta":{"footnotes":""},"class_list":["post-569","page","type-page","status-publish","hentry"],"_links":{"self":[{"href":"https:\/\/christian-papesch.de\/index.php?rest_route=\/wp\/v2\/pages\/569","targetHints":{"allow":["GET"]}}],"collection":[{"href":"https:\/\/christian-papesch.de\/index.php?rest_route=\/wp\/v2\/pages"}],"about":[{"href":"https:\/\/christian-papesch.de\/index.php?rest_route=\/wp\/v2\/types\/page"}],"author":[{"embeddable":true,"href":"https:\/\/christian-papesch.de\/index.php?rest_route=\/wp\/v2\/users\/1"}],"replies":[{"embeddable":true,"href":"https:\/\/christian-papesch.de\/index.php?rest_route=%2Fwp%2Fv2%2Fcomments&post=569"}],"version-history":[{"count":5,"href":"https:\/\/christian-papesch.de\/index.php?rest_route=\/wp\/v2\/pages\/569\/revisions"}],"predecessor-version":[{"id":629,"href":"https:\/\/christian-papesch.de\/index.php?rest_route=\/wp\/v2\/pages\/569\/revisions\/629"}],"wp:attachment":[{"href":"https:\/\/christian-papesch.de\/index.php?rest_route=%2Fwp%2Fv2%2Fmedia&parent=569"}],"curies":[{"name":"wp","href":"https:\/\/api.w.org\/{rel}","templated":true}]}}