{"id":340,"date":"2021-12-26T14:56:26","date_gmt":"2021-12-26T14:56:26","guid":{"rendered":"https:\/\/christian-papesch.de\/?page_id=340"},"modified":"2021-12-26T16:55:31","modified_gmt":"2021-12-26T16:55:31","slug":"unser-gaestebuch","status":"publish","type":"page","link":"https:\/\/christian-papesch.de\/?page_id=340&lang=de","title":{"rendered":"Unser G\u00e4stebuch"},"content":{"rendered":"\n<div class=\"wp-block-columns is-layout-flex wp-container-core-columns-is-layout-9d6595d7 wp-block-columns-is-layout-flex\">\n<div class=\"wp-block-column is-layout-flow wp-block-column-is-layout-flow\" style=\"flex-basis:100%\">\n<div class=\"wp-block-columns is-layout-flex wp-container-core-columns-is-layout-9d6595d7 wp-block-columns-is-layout-flex\">\n<div class=\"wp-block-column is-layout-flow wp-block-column-is-layout-flow\" style=\"flex-basis:100%\">\n<div class=\"wp-block-media-text alignwide is-stacked-on-mobile\" style=\"grid-template-columns:35% auto\"><figure class=\"wp-block-media-text__media\"><img loading=\"lazy\" decoding=\"async\" width=\"1920\" height=\"2560\" src=\"https:\/\/christian-papesch.de\/wp-content\/uploads\/2021\/12\/image004-1-scaled.jpg\" alt=\"\" class=\"wp-image-342 size-full\" srcset=\"https:\/\/christian-papesch.de\/wp-content\/uploads\/2021\/12\/image004-1-scaled.jpg 1920w, https:\/\/christian-papesch.de\/wp-content\/uploads\/2021\/12\/image004-1-225x300.jpg 225w, https:\/\/christian-papesch.de\/wp-content\/uploads\/2021\/12\/image004-1-768x1024.jpg 768w, https:\/\/christian-papesch.de\/wp-content\/uploads\/2021\/12\/image004-1-1152x1536.jpg 1152w, https:\/\/christian-papesch.de\/wp-content\/uploads\/2021\/12\/image004-1-1536x2048.jpg 1536w\" sizes=\"auto, (max-width: 1920px) 100vw, 1920px\" \/><\/figure><div class=\"wp-block-media-text__content\">\n<h2 class=\"wp-block-heading\"><strong>Unser G\u00e4stebuch &#8211; 13 Geschichten ohne T\u00fcrgriff<\/strong><\/h2>\n\n\n\n<p>Unser Verstand ist ein seltsames Ding. Wenn wir jung sind, ist er wie eine H\u00f6hle. Dunkel, verwirrend, und wunderbar aufregend. Wenn wir \u00e4lter werden, bringen wir \u00fcberall Lichter an, stellen Regale und Schr\u00e4nke hinein, irgendwann dann vielleicht sogar ein Sofa und einen Fernseher. Und ehe wir uns versehen, haben wir unsere einst so \u00fcberw\u00e4ltigende H\u00f6hle zu einem gew\u00f6hnlichen Keller gemacht. Wissen Sie noch, wann Sie das letzte Mal die knarzende Treppe hinuntergestiegen sind? Wann Sie das letzte Mal in einen der staubigen Kartons geschaut haben? Auf denen in krakeliger Schrift &#8222;Verzweifelte Liebe, &#8222;Mordl\u00fcsterne Prinzessinnen&#8220; oder &#8222;Unerf\u00fcllte Tr\u00e4ume&#8220; steht?<\/p>\n<\/div><\/div>\n<\/div>\n<\/div>\n\n\n\n<p>&#8222;Unser G\u00e4stebuch&#8220; kaufen:<\/p>\n\n\n\n<p><a href=\"https:\/\/www.amazon.de\/Unser-G%C3%A4stebuch-Life-Story-story-one\/dp\/3990875531\/ref=sr_1_1?__mk_de_DE=%C3%85M%C3%85%C5%BD%C3%95%C3%91&amp;crid=5C7PO11ALLKC&amp;keywords=christian+papesch&amp;qid=1640529248&amp;sprefix=christian+papesch%2Caps%2C247&amp;sr=8-1\" data-type=\"URL\" data-id=\"https:\/\/www.amazon.de\/Unser-G%C3%A4stebuch-Life-Story-story-one\/dp\/3990875531\/ref=sr_1_1?__mk_de_DE=%C3%85M%C3%85%C5%BD%C3%95%C3%91&amp;crid=5C7PO11ALLKC&amp;keywords=christian+papesch&amp;qid=1640529248&amp;sprefix=christian+papesch%2Caps%2C247&amp;sr=8-1\" target=\"_blank\" rel=\"noreferrer noopener\">Amazon<\/a><\/p>\n\n\n\n<p><a href=\"https:\/\/www.thalia.de\/shop\/home\/artikeldetails\/A1061987776\" data-type=\"URL\" data-id=\"https:\/\/www.thalia.de\/shop\/home\/artikeldetails\/A1061987776\" target=\"_blank\" rel=\"noreferrer noopener\">Thalia<\/a><\/p>\n\n\n\n<p><a rel=\"noreferrer noopener\" href=\"https:\/\/books.google.com\/books\/about\/Unser_G%C3%A4stebuch_Life_is_a_Story_story_o.html?id=vPY8EAAAQBAJ\" data-type=\"URL\" data-id=\"https:\/\/books.google.com\/books\/about\/Unser_G%C3%A4stebuch_Life_is_a_Story_story_o.html?id=vPY8EAAAQBAJ\" target=\"_blank\">Google Books<\/a><\/p>\n\n\n\n<p><a href=\"https:\/\/www.jpc.de\/jpcng\/books\/detail\/-\/art\/christian-papesch-unser-gaestebuch-life-is-a-story-story-one\/hnum\/10689071\" data-type=\"URL\" data-id=\"https:\/\/www.jpc.de\/jpcng\/books\/detail\/-\/art\/christian-papesch-unser-gaestebuch-life-is-a-story-story-one\/hnum\/10689071\" target=\"_blank\" rel=\"noreferrer noopener\">JPC<\/a><\/p>\n\n\n\n<p><a href=\"https:\/\/www.lehmanns.de\/shop\/literatur\/57238340-9783990875537-unser-gaestebuch-life-is-a-story-story-one\" data-type=\"URL\" data-id=\"https:\/\/www.lehmanns.de\/shop\/literatur\/57238340-9783990875537-unser-gaestebuch-life-is-a-story-story-one\" target=\"_blank\" rel=\"noreferrer noopener\">Lehmanns<\/a><\/p>\n\n\n\n<p><\/p>\n<\/div>\n<\/div>\n","protected":false},"excerpt":{"rendered":"<p>Unser G\u00e4stebuch &#8211; 13 Geschichten ohne T\u00fcrgriff Unser Verstand ist ein seltsames Ding. Wenn wir jung sind, ist er wie<\/p>\n<p><a href=\"https:\/\/christian-papesch.de\/?page_id=340&#038;lang=de\" class=\"more-link\">Continue reading<span class=\"screen-reader-text\">Unser G\u00e4stebuch<\/span><\/a><\/p>\n","protected":false},"author":1,"featured_media":0,"parent":0,"menu_order":0,"comment_status":"closed","ping_status":"closed","template":"","meta":{"footnotes":""},"class_list":["post-340","page","type-page","status-publish","hentry"],"_links":{"self":[{"href":"https:\/\/christian-papesch.de\/index.php?rest_route=\/wp\/v2\/pages\/340","targetHints":{"allow":["GET"]}}],"collection":[{"href":"https:\/\/christian-papesch.de\/index.php?rest_route=\/wp\/v2\/pages"}],"about":[{"href":"https:\/\/christian-papesch.de\/index.php?rest_route=\/wp\/v2\/types\/page"}],"author":[{"embeddable":true,"href":"https:\/\/christian-papesch.de\/index.php?rest_route=\/wp\/v2\/users\/1"}],"replies":[{"embeddable":true,"href":"https:\/\/christian-papesch.de\/index.php?rest_route=%2Fwp%2Fv2%2Fcomments&post=340"}],"version-history":[{"count":8,"href":"https:\/\/christian-papesch.de\/index.php?rest_route=\/wp\/v2\/pages\/340\/revisions"}],"predecessor-version":[{"id":389,"href":"https:\/\/christian-papesch.de\/index.php?rest_route=\/wp\/v2\/pages\/340\/revisions\/389"}],"wp:attachment":[{"href":"https:\/\/christian-papesch.de\/index.php?rest_route=%2Fwp%2Fv2%2Fmedia&parent=340"}],"curies":[{"name":"wp","href":"https:\/\/api.w.org\/{rel}","templated":true}]}}