{"id":141,"date":"2021-02-14T08:41:09","date_gmt":"2021-02-14T08:41:09","guid":{"rendered":"http:\/\/christian-papesch.de\/?page_id=141"},"modified":"2021-12-24T13:43:41","modified_gmt":"2021-12-24T13:43:41","slug":"geschichte","status":"publish","type":"page","link":"https:\/\/christian-papesch.de\/?page_id=141&lang=de","title":{"rendered":"Geschichte"},"content":{"rendered":"\n<h1 class=\"wp-block-heading\"><a href=\"https:\/\/www.ndr.de\/fernsehen\/sendungen\/hamburg_journal\/Der-Grosse-Brand-1842,hamj56208.html\">Der &#8222;Gro\u00dfe Brand&#8220; 1842 in Hamburg<\/a><\/h1>\n\n\n\n<p>Zwischen dem 5. und 8. Mai 1842 verw\u00fcstete der &#8222;Gro\u00dfe Brand&#8220; mehr als ein Viertel des damaligen Stadtgebietes. Zahlreiche Menschen kamen bei der Katastrophe ums Leben.<\/p>\n\n\n\n<h1 class=\"wp-block-heading\"><a href=\"https:\/\/www.ndr.de\/fernsehen\/sendungen\/hamburg_journal\/Hamburg-damals-Hamburger-in-Ostafrika,hamj51890.html\" data-type=\"URL\" data-id=\"https:\/\/www.ndr.de\/fernsehen\/sendungen\/hamburg_journal\/Hamburg-damals-Hamburger-in-Ostafrika,hamj51890.html\" target=\"_blank\" rel=\"noreferrer noopener\">Carl Lindemann in Ostafrika<\/a><\/h1>\n\n\n\n<p>Bis heute erinnern in Hamburg Geb\u00e4ude und Denkm\u00e4ler an die Kolonialzeit. Der Bergedorfer Maler Carl Lindemann war damals in Ostafrika &#8211; und lieferte seine eigene Sicht auf das Kolonialleben.<\/p>\n\n\n\n<h1 class=\"wp-block-heading\"><a href=\"https:\/\/www.ndr.de\/fernsehen\/sendungen\/hamburg_journal\/Cats-Premiere-vor-30-Jahren,hamj47432.html\" data-type=\"URL\" data-id=\"https:\/\/www.ndr.de\/fernsehen\/sendungen\/hamburg_journal\/Cats-Premiere-vor-30-Jahren,hamj47432.html\" target=\"_blank\" rel=\"noreferrer noopener\">&#8222;Cats&#8220;-Premiere vor 30 Jahren<\/a><\/h1>\n\n\n\n<p>Am 18. April 1986 feierte &#8222;Cats&#8220; in Hamburg Premiere. Dutzende Musical-Produktionen folgten &#8211; doch die Geschichte um Macavity, Mr. Mistoffelees und Rum Tum Tugger bleibt unvergessen.<\/p>\n\n\n\n<h1 class=\"wp-block-heading\"><a href=\"https:\/\/www.ndr.de\/fernsehen\/sendungen\/hamburg_journal\/Hamburg-damals-Die-Vogelgrippe,hamj46208.html\" data-type=\"URL\" data-id=\"https:\/\/www.ndr.de\/fernsehen\/sendungen\/hamburg_journal\/Hamburg-damals-Die-Vogelgrippe,hamj46208.html\" target=\"_blank\" rel=\"noreferrer noopener\">Die Vogelgrippe<\/a><\/h1>\n\n\n\n<p>Die Spanische Grippe kostete von 1918 bis 1920 fast 50 Millionen Menschen das Leben. Auch im Februar 2006 schien die Gefahr einer Grippe-Pandemie wieder gro\u00df zu sein.<\/p>\n\n\n\n<h1 class=\"wp-block-heading\"><a href=\"https:\/\/www.ndr.de\/fernsehen\/sendungen\/hamburg_journal\/Fluechtlingswelle-Anfang-der-90er,hamj43018.html\" data-type=\"URL\" data-id=\"https:\/\/www.ndr.de\/fernsehen\/sendungen\/hamburg_journal\/Fluechtlingswelle-Anfang-der-90er,hamj43018.html\" target=\"_blank\" rel=\"noreferrer noopener\">Fl\u00fcchtlingswelle Anfang der 90er<\/a><\/h1>\n\n\n\n<p>Die Aufnahme und der Umgang mit Fl\u00fcchtlingen ist eins der wichtigsten Themen derzeit. Anfang der 90er-Jahre suchten schon einmal sehr viele Menschen in Deutschland Zuflucht.<\/p>\n\n\n\n<h1 class=\"wp-block-heading\"><a href=\"https:\/\/www.ndr.de\/fernsehen\/sendungen\/hamburg_journal\/650-Jahre-Hamburg-Messe,hamj38778.html\" data-type=\"URL\" data-id=\"https:\/\/www.ndr.de\/fernsehen\/sendungen\/hamburg_journal\/650-Jahre-Hamburg-Messe,hamj38778.html\" target=\"_blank\" rel=\"noreferrer noopener\">650 Jahre Hamburg Messe<\/a><\/h1>\n\n\n\n<p>Im Jahr 1365 erhielt Hamburg das Messeprivileg. Drei Wochen konnten H\u00e4ndler Waren kaufen, die es sonst nicht gab. \u00dcber Jahrhunderte wurde die Messe ausgebaut &#8211; nun feiert sie Jubil\u00e4um.<\/p>\n","protected":false},"excerpt":{"rendered":"<p>Der &#8222;Gro\u00dfe Brand&#8220; 1842 in Hamburg Zwischen dem 5. und 8. Mai 1842 verw\u00fcstete der &#8222;Gro\u00dfe Brand&#8220; mehr als ein<\/p>\n<p><a href=\"https:\/\/christian-papesch.de\/?page_id=141&#038;lang=de\" class=\"more-link\">Continue reading<span class=\"screen-reader-text\">Geschichte<\/span><\/a><\/p>\n","protected":false},"author":1,"featured_media":0,"parent":0,"menu_order":0,"comment_status":"closed","ping_status":"closed","template":"","meta":{"footnotes":""},"class_list":["post-141","page","type-page","status-publish","hentry"],"_links":{"self":[{"href":"https:\/\/christian-papesch.de\/index.php?rest_route=\/wp\/v2\/pages\/141","targetHints":{"allow":["GET"]}}],"collection":[{"href":"https:\/\/christian-papesch.de\/index.php?rest_route=\/wp\/v2\/pages"}],"about":[{"href":"https:\/\/christian-papesch.de\/index.php?rest_route=\/wp\/v2\/types\/page"}],"author":[{"embeddable":true,"href":"https:\/\/christian-papesch.de\/index.php?rest_route=\/wp\/v2\/users\/1"}],"replies":[{"embeddable":true,"href":"https:\/\/christian-papesch.de\/index.php?rest_route=%2Fwp%2Fv2%2Fcomments&post=141"}],"version-history":[{"count":2,"href":"https:\/\/christian-papesch.de\/index.php?rest_route=\/wp\/v2\/pages\/141\/revisions"}],"predecessor-version":[{"id":263,"href":"https:\/\/christian-papesch.de\/index.php?rest_route=\/wp\/v2\/pages\/141\/revisions\/263"}],"wp:attachment":[{"href":"https:\/\/christian-papesch.de\/index.php?rest_route=%2Fwp%2Fv2%2Fmedia&parent=141"}],"curies":[{"name":"wp","href":"https:\/\/api.w.org\/{rel}","templated":true}]}}